t common divisor of 126 and h.
18
Let r = 40 - 46. Let i(j) = -19*j + 26. Let h be i(r). Calculate the highest common divisor of h and 28.
28
Suppose 28*t - 888 = 1128. What is the greatest common divisor of 360 and t?
72
Suppose -3*o + 22 = -4*q, -o + 3*q - 52 = -66. Suppose 4*s + 26 = 2. Let c = s - -7. Calculate the highest common divisor of o and c.
1
Let a be -14*((-27)/(-6) - -4). Let h = -96 - a. Calculate the highest common divisor of h and 253.
23
Let p(u) = -u + 63. Let o be p(-4). What is the greatest common factor of 134 and o?
67
Suppose -3*o = 2*o - 45. Let p be -3 + o + -3 + 45. Let b(s) = -s**2 - 6*s + 7. Let m be b(-5). Calculate the greatest common factor of p and m.
12
Let r be 2/9 - (-2000)/72. Suppose -2*g = i - 199, 5*g - 2*g = 2*i + 288. Calculate the greatest common factor of r and g.
14
Let d be (-1)/((-4)/(-8)) - (-141 - 1). Calculate the highest common factor of d and 20.
20
Suppose -w + 1279 = n, -4*w + 2559 = 2*n - 3*w. Calculate the highest common factor of n and 48.
16
Let i = -31 - -27. Let g be 0 - (2 + 2)/i. Calculate the greatest common divisor of g and 2.
1
Let s(y) = -7*y - 23. Let p be s(-5). Suppose p*n - 60 = 9*n. Calculate the highest common factor of 20 and n.
20
Let l(c) = c**2 - 2*c - 3. Let d be l(-3). Let h(s) = 4*s - 16. Let z be h(7). What is the greatest common divisor of z and d?
12
Suppose -227*x + 233*x = 990. Let n be 4/10 - 489/(-15). What is the highest common factor of n and x?
33
Suppose -o = -20 - 14. Let t be 1/(2/o) - 0. Let n(l) = 1614*l - 16021. Let y be n(10). Calculate the highest common factor of t and y.
17
Let f be 1*(-1 + -1) - -13. Suppose 0 = 3*v - 5*v + 198. Calculate the highest common factor of f and v.
11
Suppose -2*p - 16 = -s, 0 = -4*s - 4*p + 39 + 37. What is the greatest common factor of s and 126?
18
Let r = 2284 + -1378. Calculate the greatest common factor of r and 6.
6
Let c be ((-1 - 0)/(180/612))/(2/(-40)). Suppose 4*q = 84 + 324. Calculate the highest common factor of c and q.
34
Let u = -230 + 257. What is the highest common factor of u and 6?
3
Suppose t + 0*t + 239 = 5*p, 5*p - 2*t = 238. Let i = 995 + -983. What is the highest common divisor of p and i?
12
Suppose 4*i = -2*b + 188, -7*b + 11*b = -2*i + 100. Calculate the highest common factor of 414 and i.
46
Let i = 1 - -2. Suppose -25 + 15 = -5*v. Suppose i*y = v*y + 30. Calculate the highest common factor of y and 10.
10
Let v = 637 - 618. What is the greatest common factor of 703 and v?
19
Let j be (14 - (-11121)/39) + (-4)/26. What is the greatest common factor of 23 and j?
23
Suppose -5*c + 2*m - 518 = -1677, 3*c + 4*m = 685. What is the greatest common divisor of c and 483?
21
Let r(h) = h**2 - 16*h + 55. Let l be r(12). Calculate the greatest common factor of 8 and l.
1
Suppose -5*d + 429 = 8*d. Calculate the highest common divisor of d and 1023.
33
Suppose 609 = 4*z - 135. Let g = z + -126. Calculate the greatest common factor of 36 and g.
12
Let h be 12/2 + -4 + -8. Let l(u) = -u**3 - 7*u**2 - 6*u + 7. Let s be l(h). Suppose i - 126 = -i. Calculate the greatest common divisor of s and i.
7
Let r be 4/3*(-138)/(-4). Suppose -8*y + 72 = -5*y. Suppose 4*u - 5*h - 72 = 0, -3*h + y + 11 = u. Calculate the greatest common factor of u and r.
23
Let c(q) = -76*q + 7. Let y be c(0). Let l = 82 + -33. What is the highest common divisor of l and y?
7
Let n(g) = 478*g + 490. Let j be n(-1). Let v(o) = -o**2 + 6*o - 1. Let b be v(3). Calculate the greatest common divisor of b and j.
4
Suppose 3*w - 60 = -3*h, -5*w + 40 = -h + 3*h. Let y = h - 12. Let a be ((-2)/(-3))/(8/480). What is the highest common factor of y and a?
8
Let b(q) = -33*q + 357. Let f be b(9). What is the greatest common factor of f and 150?
30
Let h(n) = -2*n**3 - 4*n**2 - 5*n - 4. Let a be h(-2). Let m be 14/1 + (-3 - a/(-3)). What is the greatest common divisor of m and 104?
13
Let p(f) = -f**2 - 7*f - 6. Let u be p(-4). Let v(m) = m + 13. Let s be v(-6). Let w = s - u. What is the greatest common divisor of w and 9?
1
Suppose -225 = -0*s - 5*s. Suppose -s = -6*c + 3*c. Calculate the highest common divisor of 165 and c.
15
Suppose -5*v - 4*p = -144, 2*v - p + 10 = 65. Let q(n) = -n**2 + 5*n + 13. Let o be q(6). What is the highest common factor of v and o?
7
Let y = -13 + 5. Let b = -7 - y. What is the highest common divisor of b and 16?
1
Suppose 12 = -3*i, 0*i = y - i - 20. Let z(d) = 24*d**2 + 1. Let c be z(1). Suppose c = 4*w - 135. Calculate the highest common divisor of y and w.
8
Let p be 2/(-6) - 3801/(-63). What is the highest common divisor of 260 and p?
20
Suppose 2*p + 3*p - 23 = -3*u, 0 = u - 1. Suppose -p*c = c - 75. Let q(o) = -o + 11. Let b be q(6). What is the greatest common factor of b and c?
5
Let y(h) = h. Let i be y(6). Suppose -14*d - 36 = -20*d. Suppose -42 = 5*c - d*c. Calculate the greatest common factor of c and i.
6
Let r(i) = -i**2 + 20*i - 14. Let j be r(15). Let m = j + -58. What is the highest common factor of m and 9?
3
Let u = -621 + 773. Calculate the highest common divisor of u and 16.
8
Suppose -s = -147 + 43. Suppose 5*r - 45 = 5*a, -2*a + 0*a + 8 = 0. What is the highest common divisor of s and r?
13
Suppose 0 = -6*f + f + 2*a + 277, f - a - 56 = 0. What is the highest common divisor of 15 and f?
5
Let x be (1 + 0)*107 + 7. What is the greatest common factor of 399 and x?
57
Let v(l) = 2*l - 42. Let y be v(21). Suppose -5*i + 6 + 194 = y. Calculate the greatest common factor of i and 360.
40
Let n = 4 + -2. Suppose -14 = -2*s + o + o, 0 = 5*s + n*o - 63. Suppose 0 = b - 3*t - 13, t = -3*b + 3*t + s. Calculate the highest common factor of 1 and b.
1
Suppose 164 = -3*o + o + v, 5*v = o + 73. Let z = -38 - o. What is the greatest common divisor of 9 and z?
9
Let g(s) = 16 - 12 + 0*s + s + s. Let l be g(2). What is the highest common factor of l and 72?
8
Let z(b) = -b**3 + 6*b**2 + 6*b - 9. Let x be z(6). Calculate the highest common divisor of 27 and x.
27
Suppose 0 = v - 0 - 2, 4*m - 130 = v. Calculate the highest common divisor of 9 and m.
3
Let q(z) = z**2 - 2*z. Let f be q(4). Let m(g) = g**2 + 18*g - 27. Let h be m(-23). Calculate the greatest common factor of f and h.
8
Let h(c) = c**3 - 3*c**2 - 3*c - 5. Let z be h(4). Let w be -21*-8*(-4)/(z - 23). Calculate the highest common factor of 7 and w.
7
Let g(a) = -80*a + 18. Let b be g(-5). What is the greatest common divisor of b and 66?
22
Let p(n) = -n**3 + 9*n**2 - 3*n + 9. Let k be p(6). Let j = -93 + 102. What is the greatest common factor of k and j?
9
Let w(k) = k**2 - 24*k - 297. Let y be w(-32). What is the highest common divisor of y and 13?
13
Suppose -2*g - 10 = -v, 0*g = -g - v - 2. Let k = g - -14. Suppose 7*h - k = 2*h. What is the greatest common factor of 4 and h?
2
Let m = -543 - -559. Calculate the greatest common divisor of m and 8.
8
Let r = 535 + -439. What is the greatest common divisor of 12 and r?
12
Let m(z) = 7*z - 10. Suppose -2*k + j = -12, 0*k - j = 4*k - 24. Let r be m(k). What is the highest common divisor of r and 4?
4
Let g(t) = 11*t**2 - 3*t - 8. Let d be g(-8). Let l be ((-8)/(-5))/(18/d). What is the greatest common factor of l and 16?
16
Suppose x = 5*x + z - 613, -2*z - 750 = -5*x. Calculate the highest common divisor of 88 and x.
8
Let d = -131 - -174. Let c be 1 + (d + 4 + -5 - 1). Suppose 4*y = -5*s + 122, -y + 2*y + 5*s - 38 = 0. Calculate the greatest common divisor of y and c.
14
Suppose -6*f + 2*f + 12 = 0, 0 = -2*b + 4*f + 60. Let n = -479 - -533. What is the highest common divisor of b and n?
18
Let n(k) = -2*k**3 + 2*k**2 - 12*k + 5. Let h be n(-5). What is the greatest common divisor of h and 292?
73
Let x be ((-8)/208*-13)/((-1)/(-4130)). Calculate the highest common divisor of x and 35.
35
Let b(a) = 49 + 4*a - 3*a + 17 + 6. Let v be b(0). Let g = v + -46. What is the greatest common factor of g and 104?
26
Suppose -10*i - 57 = -757. Calculate the highest common divisor of 140 and i.
70
Suppose -3*l - 38 = w - 49, 19 = 5*l + w. What is the greatest common factor of l and 16?
4
Let q(o) = -o**3 - 4*o**2 + 20*o - 5. Let y be q(-7). Calculate the highest common divisor of y and 18.
2
Let u be 16/(-20) - 3045/(-25). Let t be u + 2 + 1 + -3. Calculate the greatest common divisor of 11 and t.
11
Su